{"id":11537,"date":"2018-03-19T13:04:57","date_gmt":"2018-03-19T13:04:57","guid":{"rendered":"https:\/\/www.humboldt-institut.org\/?page_id=11537"},"modified":"2025-05-16T08:56:23","modified_gmt":"2025-05-16T06:56:23","slug":"kurzy-nemciny-v-nemecku","status":"publish","type":"page","link":"https:\/\/www.humboldt-institut.org\/cs\/kurzy-nemciny-v-nemecku\/","title":{"rendered":"Humboldt-Institut &#8211; Intenzivn\u00ed kurzy n\u011bm\u010diny &#8211; Kurzy n\u011bm\u010diny v\u00a0N\u011bmecku"},"content":{"rendered":"","protected":false},"excerpt":{"rendered":"","protected":false},"author":378,"featured_media":0,"parent":0,"menu_order":135,"comment_status":"closed","ping_status":"closed","template":"page-landing.php","meta":{"_acf_changed":false,"inline_featured_image":false,"footnotes":""},"class_list":["post-11537","page","type-page","status-publish","hentry"],"acf":[],"_links":{"self":[{"href":"https:\/\/www.humboldt-institut.org\/cs\/wp-json\/wp\/v2\/pages\/11537","targetHints":{"allow":["GET"]}}],"collection":[{"href":"https:\/\/www.humboldt-institut.org\/cs\/wp-json\/wp\/v2\/pages"}],"about":[{"href":"https:\/\/www.humboldt-institut.org\/cs\/wp-json\/wp\/v2\/types\/page"}],"author":[{"embeddable":true,"href":"https:\/\/www.humboldt-institut.org\/cs\/wp-json\/wp\/v2\/users\/378"}],"replies":[{"embeddable":true,"href":"https:\/\/www.humboldt-institut.org\/cs\/wp-json\/wp\/v2\/comments?post=11537"}],"version-history":[{"count":7,"href":"https:\/\/www.humboldt-institut.org\/cs\/wp-json\/wp\/v2\/pages\/11537\/revisions"}],"predecessor-version":[{"id":48241,"href":"https:\/\/www.humboldt-institut.org\/cs\/wp-json\/wp\/v2\/pages\/11537\/revisions\/48241"}],"wp:attachment":[{"href":"https:\/\/www.humboldt-institut.org\/cs\/wp-json\/wp\/v2\/media?parent=11537"}],"curies":[{"name":"wp","href":"https:\/\/api.w.org\/{rel}","templated":true}]}}

Humboldt-Institut &#8211; Intenzivní kurzy němčiny &#8211; Kurzy němčiny v Německu
